 - 9*p**2 + 9*p + 5. Calculate d(7).
-30
Let b(g) = 7*g - 49. What is b(-6)?
-91
Let m(h) = h**3 + 10*h**2 - 12*h - 32. Calculate m(-11).
-21
Let m(j) = 3*j**3 - 3*j**2 - j + 2. Calculate m(-2).
-32
Let h(r) = -6*r**3 - r**2 + 2*r - 1. Determine h(1).
-6
Let p(o) = 3*o**2 - 64*o - 37. Calculate p(22).
7
Let h(u) = -u**2 + 31*u - 55. Determine h(29).
3
Let l(t) = 2*t**3 - 21*t**2 + 27*t + 6. Determine l(9).
6
Let o(k) = 3*k - 156. What is o(57)?
15
Let a(u) = -2*u**3 + 17*u**2 + 14*u - 26. Determine a(9).
19
Let m(j) = 4*j**2 + 3*j + 4. Calculate m(-5).
89
Let h(q) = -6*q**2 - 4*q + 3. Calculate h(2).
-29
Let f(p) = -9*p - 55. What is f(-6)?
-1
Let n(a) = -a**3 - 18*a**2 - 16*a + 7. Determine n(-17).
-10
Let n(u) = -u**3 + 7*u**2 - 8*u + 6. What is n(6)?
-6
Let g(k) = -4*k + 15. What is g(6)?
-9
Let d(n) = -2*n - 8. Give d(-10).
12
Let x(p) = -70*p + 3. What is x(0)?
3
Let j(s) = 110*s**2 - s + 1. What is j(1)?
110
Let r(s) = 2*s**2 - s - 4. Calculate r(3).
11
Let x(o) = 6*o**2 - 25*o - 18. Determine x(5).
7
Let b(u) = 25*u - 2476. What is b(99)?
-1
Let r(a) = -a**2 - 3*a + 4. Determine r(2).
-6
Let w(m) = -m**2 - 10*m + 19. Give w(-11).
8
Let n(l) = -l**3 - 18*l**2 + 41*l + 15. What is n(-20)?
-5
Let n(k) = -52*k - 154. Calculate n(-3).
2
Let m(k) = k**3 - 10*k**2 + 2*k + 2. What is m(9)?
-61
Let w(u) = -u**3 + 22*u**2 - 22*u + 24. Calculate w(21).
3
Let y(s) = 9*s - 82. What is y(9)?
-1
Let d(o) = -11*o - 121. Determine d(-11).
0
Let w(d) = -d**3 + 17*d**2 + 22*d - 50. Determine w(18).
22
Let p(y) = 6*y - 20. What is p(7)?
22
Let r(j) = -j**3 - 16*j**2 + 58*j + 12. Determine r(-19).
-7
Let z(q) = -10*q - 7. Determine z(-4).
33
Let c(w) = 3*w + 1. What is c(4)?
13
Let h(a) = -3*a - 26. Give h(-6).
-8
Let c(t) = t**2 - 12*t. What is c(11)?
-11
Let i(p) = p**3 + 6*p**2 + 6*p - 5. What is i(-5)?
-10
Let q(z) = -38*z**3 + z**2 - 1. Give q(1).
-38
Let t(h) = -h**2 - h + 56. Calculate t(8).
-16
Let j(b) = 7*b**2 - 21*b - 2. Give j(3).
-2
Let l(d) = -2*d**3 - 10*d**2 - 11*d + 3. What is l(-2)?
1
Let j(w) = -4*w + 5. Give j(-2).
13
Let o(r) = -r**2 - 17*r - 17. Calculate o(-14).
25
Let g(k) = -3*k + 1. Calculate g(-10).
31
Let o(p) = -7*p - 1. Determine o(4).
-29
Let r(i) = i**2 - 19*i - 3. Determine r(19).
-3
Let f(o) = o**3 - 21*o**2 - 2*o + 3. Determine f(21).
-39
Let h(y) = -y**3 - 11*y**2 - 10*y + 14. What is h(-10)?
14
Let l(m) = -m + 6. Calculate l(-8).
14
Let x(w) = w**3 + 8*w**2 - 12*w - 33. Determine x(-9).
-6
Let k(o) = -o**2 + 17*o - 44. Give k(14).
-2
Let l(m) = m**3 - 7*m**2 + 10*m - 6. Calculate l(5).
-6
Let d(q) = -q**2 + 18*q + 26. What is d(19)?
7
Let k(c) = 36*c + 105. What is k(-3)?
-3
Let x(h) = -h**3 - 5*h**2 - 13*h - 82. Calculate x(-5).
-17
Let y(n) = n**3 - n + 16. What is y(0)?
16
Let u(a) = a**3 + 13*a**2 + 12*a - 12. Determine u(-12).
-12
Let w(n) = -n**3 + 14*n**2 - 23*n - 11. Calculate w(12).
1
Let w(q) = -9*q + 28. Calculate w(4).
-8
Let g(n) = -n**2 + 2*n + 37. Calculate g(7).
2
Let g(u) = -5*u**2 - 3*u - 2. Give g(-1).
-4
Let u(s) = 7*s**2 - 8*s - 18. What is u(-2)?
26
Let b(v) = v**3 + 7*v**2 + 10*v + 18. Calculate b(-6).
-6
Let w(k) = 4*k - 4. Determine w(4).
12
Let i(q) = 21*q - 107. What is i(6)?
19
Let l(x) = -x**3 - 7*x**2 - 7*x - 1. Give l(-6).
5
Let a(v) = 2*v**2 - 32*v - 3. What is a(15)?
-33
Let y(l) = l**3 - 16*l**2 - 19*l + 24. Calculate y(17).
-10
Let j(t) = 8*t**2 - 20*t - 7. Calculate j(4).
41
Let f(o) = -5*o**2 + 1. What is f(1)?
-4
Let t(f) = -3*f - 7. What is t(-14)?
35
Let o(u) = u**3 + 4*u**2 + 12*u - 1. What is o(-5)?
-86
Let z(c) = c**2 - 13*c + 7. What is z(12)?
-5
Let l(n) = 7*n - 2. Determine l(-1).
-9
Let o(r) = -r**3 + r**2 + 8. Determine o(0).
8
Let u(v) = -v**3 + v**2 + 3*v - 2. Give u(-3).
25
Let d(r) = -2*r**2 + r - 2. What is d(2)?
-8
Let z(p) = 2*p**2 + 6*p - 16. Calculate z(-6).
20
Let x(k) = -2*k + 7. Give x(-4).
15
Let b(m) = -18*m + 3. Calculate b(1).
-15
Let p(u) = -2*u**3 - 2*u**2 - 2*u - 4. Calculate p(-2).
8
Let o(q) = -17*q - 7. Determine o(-2).
27
Let g(r) = 24*r - 1. What is g(-3)?
-73
Let k(q) = -q**3 - 6*q**2 - 4*q. Calculate k(-5).
-5
Let x(f) = 5*f - 21. Calculate x(-6).
-51
Let p(n) = 2*n**3 + 17*n**2 - 10*n - 26. Calculate p(-9).
-17
Let t(x) = -15*x + 12. Calculate t(-3).
57
Let d(k) = k + 1. What is d(21)?
22
Let g(f) = f**2 + 10*f - 9. Give g(-11).
2
Let i(r) = -2*r - 21. What is i(-13)?
5
Let g(n) = -n**3 - 16*n**2 - 14*n + 9. Calculate g(-15).
-6
Let g(f) = -f**3 - 10*f**2 - 2*f - 22. Give g(-10).
-2
Let g(j) = -j**2 - 52*j - 389. Determine g(-9).
-2
Let l(r) = -36*r + 366. What is l(10)?
6
Let l(z) = -3*z - 43. What is l(-17)?
8
Let q(f) = -f**3 - 32*f**2 + 105*f - 6. What is q(-35)?
-6
Let x(q) = 5*q - 1. Give x(-1).
-6
Let t(m) = -5*m + 9. What is t(12)?
-51
Let b(p) = 5*p + 84. Determine b(-17).
-1
Let x(s) = -s**3 - 3*s**2 + 3*s. What is x(-3)?
-9
Let p(r) = r**3 + 2*r**2 + r + 3. Give p(-2).
1
Let j(y) = -y + 5. What is j(7)?
-2
Let i(d) = -3*d - 105. Give i(-36).
3
Let c(l) = -l**2 - l + 2. What is c(3)?
-10
Let x(y) = y**3 - 7*y**2 + 8*y + 8. Calculate x(4).
-8
Let a(c) = -c**3 + 5*c**2 + 25*c + 6. Give a(8).
14
Let d(k) = -k. What is d(-8)?
8
Let o(w) = -w**2 - 22*w + 29. Give o(-16).
125
Let b(g) = g**2 - 2*g - 7. Calculate b(5).
8
Let b(m) = 5*m**2 - 44*m + 80. What is b(6)?
-4
Let y(q) = q**3 - 6*q**2 - 3*q + 5. Determine y(3).
-31
Let u(s) = -2*s**2 + 22*s + 3. What is u(10)?
23
Let u(b) = -b - 9. Give u(-8).
-1
Let m(s) = -22*s**2 - 15*s - 14. Give m(-1).
-21
Let l(v) = 4*v + 4. Calculate l(9).
40
Let h(u) = 3*u + 7. What is h(-5)?
-8
Let z(h) = -h**3 - 6*h**2 + 14*h - 14. Determine z(-8).
2
Let k(f) = -f**3 - 6*f**2 - 9*f - 3. Calculate k(-6).
51
Let w(m) = -m**3 - 9*m**2 - 10. Calculate w(-9).
-10
Let v(q) = -q**2 + 20*q - 22. Give v(16).
42
Let t(f) = -f**3 - 11*f**2 - 14*f + 36. Determine t(-9).
0
Let t(j) = j**2 - 5*j + 13. Determine t(6).
19
Let h(w) = 2*w**3 + 2*w**2 - 37*w + 6. What is h(-5)?
-9
Let t(w) = 9*w**2 - 7*w - 6. Determine t(-2).
44
Let h(q) = q**3 + q + 32. What is h(0)?
32
Let p(o) = -o**2 - 19*o + 17. What is p(-19)?
17
Let u(f) = f**3 - 11*f**2 + 13*f + 1. Calculate u(9).
-44
Let p(u) = u**3 + 18*u**2 - 15*u + 68. Give p(-19).
-8
Let c(x) = -x**2 + 11*x + 3. Calculate c(4).
31
Let k(d) = -19*d - 13. Calculate k(4).
-89
Let v(u) = u + 35. Determine v(13).
48
Let v(d) = -d - 13. What is v(-6)?
-7
Let f(g) = 2*g**3 - 88*g**2 - g + 40. Calculate f(44).
-4
Let a(j) = -4*j**3 + 4*j + 3. What is a(3)?
-93
Let u(z) = 3*z**3 - 9*z**2 + 3*z - 2. Calculate u(3).
7
Let g(t) = -t**2 - 20*t - 22. Give g(-15).
53
Let h(g) = 2*g**3 + 3*g**2 - 6*g - 6. Calculate h(-3).
-15
Let u(o) = -o**3 + 35*o**2 + 39*o - 53. Determine u(36).
55
Let f(m) = m**3 + 5*m**2 + m + 3. Determine f(-4).
15
Let h(d) = -11*d - 66. What is h(-6)?
0
Let v(u) = -u**2 - 2*u - 2. Determine v(-4).
-10
Let c(p) = p**2 - 9*p + 11. Calculate c(5).
-9
Let v(w) = w**3 - 6*w**2 - 6*w - 7. Give v(7).
0
Let g(o) = -3*o + 25. Calculate g(5).
10
Let j(k) = -k**2 + 26*k - 59. Give j(16).
101
Let m(c) = -c**3 + 8*c**2 - 17*c + 6. Give m(4).
2
Let u(f) = f**3 - 9*f**2 + 12*f + 13. Determine u(7).
-1
Let x(f) = f**2 - 18*f - 62. Calculate x(-3).
1
Let q(k) = -k**2 + 3*k + 28. Give q(7).
0
Let x(b) = b**3 + 12*b**2 - 15*b - 26. What is x(-13)?
0
Let m(z) = 4*z**2 + 69*z - 61. Give m(-18).
-7
Let s(j) = -j**3 - 2*j**2 - 2*j. Determine s(-2).
4
Let a(n) = 2*n**2 - 36*n + 101. Give a(3).
11
Let f(i) = 61*i + 304. What is f(-5)?
-1
Let m(s) = -s - 29. Calculate m(-14).
-15
Let g(p) = -4*p + 117. What is g(31)?
-7
Let q(s) = 2*s**3 - 13*s**2 - 6*s - 17. Calculate q(7).
-10
Let t(k) = k**3 + 3*k**2 - 2*k - 3. Calculate t(-4).
-11
Let j(g) = -g**2 - 11*g + 54. Calculate j(-15).
-6
Let t(o) = o + 11. Calculate t(-6).
5
Let s(g) = -2*g + 75. Give s(23).
29
Let d(a) = a**2 + a - 6. What is d(-4)?
6
Let a(y) = 2*y - 8. Determine a(5).
2
Let i(b) = -b**3 - 10*b**2 - 26*b. Calculate i(-6).
12
Let f(a) = -4*a**2 + 2*a - 4. Determine f(-3).
-46
Let p(g) = g**2 + g + 1. Determine p(-4).
13
Let d(r) = 6*r + 16. What is d(-5)?
-14
Let p(f) = f**2 + 17*f - 15. Determine p(0).
-15
Let b(n) = n**2 + 10*n + 18. Give b(-6).
-6
Let p(v) = 2*v**3 + v**2 - 9*v - 10. What is p(-1)?
-2
Let t(x) = -2*x**2 - 14*x 